e
Suppose 6*g + 2484 + 3906 = 0. Let b = g - 1665. Let t = b + 3923. Is t prime?
True
Let b = -4155 + 7310. Is b/40 + (-2)/(-1 - 15) a prime number?
True
Let d(v) = 0 + 51*v - 15*v**3 + 5 - 1 - 6*v**2 - 60*v. Is d(-3) a composite number?
True
Let p = 253 + -249. Is (-13 + 17 - (-2766)/8)*p a prime number?
True
Suppose 72*i - 16*i = 56. Is (-53649)/(-81)*(i/1 + 32) prime?
False
Let c(g) = 5*g**3 - 45*g**2 + 155*g - 28. Is c(39) prime?
True
Let q(y) = 2253*y**3 - 2*y**2 + 3*y. Let l be q(1). Let z = l - 960. Is z prime?
False
Suppose 4*r + 41775 = 2*l + 130709, -5*r + 111161 = 4*l. Is r a composite number?
True
Let q(u) = -4*u**2 + 30*u + 36. Let t be q(15). Let k = 863 + t. Is k a prime number?
True
Let q be (-5 - -5 - 1)/(-2 - -1). Let s = 1 + q. Suppose -v - b = -3*b - 677, 0 = -s*b - 4. Is v a prime number?
True
Let y(j) be the second derivative of 699*j**4/2 + j**3/3 - j**2/2 + 4*j. Is y(1) a composite number?
True
Suppose 3*l - 5*l = -8. Suppose 0 = 4*w - 4*p + 9 - 29, 0 = -5*w + l*p + 20. Is w + -2 + 134 + -1 composite?
False
Let v be ((-3920)/(-63))/(-10) - 6/(-27). Is v/(-21) + (-1)/(28/(-132964)) composite?
True
Let d(x) = -x**2 - 4*x + 49. Let w be d(5). Is 63/42*2202/(w - 1) a prime number?
False
Let r be (-105)/210 - 1/(2/(-7)). Suppose -r*g + 43723 = 20*g. Is g a prime number?
True
Let d(z) = 2*z**2 + 6*z**2 - 8*z**2 - 7*z**2 + 20*z - 5 + z**3. Is d(24) composite?
False
Let r = -6164 - -8413. Is r a prime number?
False
Suppose 0 = -55*c - 148492 + 588107. Is c a prime number?
True
Let v(o) = -o**2 + 63*o - 116. Let q be v(35). Is -5 + -3 + -3 + q a composite number?
False
Let p(q) = -32*q - 143. Let x(j) = 47*j + 214. Let u(o) = -7*p(o) - 5*x(o). Let n be u(-6). Is n/2 - 4165/(-10) prime?
False
Let m be (26/65)/(-2*2/(-40)). Let u(g) = 8142*g + 143. Is u(m) prime?
False
Suppose -3*c + 4*b = -2*c + 515, -5 = -b. Let l = c - -1343. Let p = 2359 - l. Is p a composite number?
False
Let l be -3*37*4/((-96)/(-56)). Let u = l + 522. Is u composite?
False
Suppose -28*o = -107*o + 4713377. Is o a prime number?
True
Let q = 1033 + 8394. Let t = -5160 + q. Is t a composite number?
True
Let f(q) = -4*q**2 + 27*q - 14. Let y be f(6). Suppose 0 = y*v, 7*g - 6*g + v - 2855 = 0. Is g composite?
True
Suppose 5*u - 4*c = 123, -2*u - 132 = -7*u + c. Suppose -u = -11*i + 6*i + 2*f, -3*f + 19 = i. Is i a prime number?
True
Suppose c + 2*c - 90 = 0. Suppose 92*x + 178760 = 29904. Is (c/12)/((-1)/x) prime?
False
Let z be (-27)/((-3)/(-1))*1. Is ((-3)/6)/(z/136854) a prime number?
True
Suppose 0*l + 195105 = 5*l + n, 195110 = 5*l + 2*n. Suppose -16*w + 2484 = -l. Is w composite?
True
Suppose j + 178493 - 44984 = 4*j. Is j composite?
True
Let j(g) = -2137*g + 15509. Is j(-56) a prime number?
True
Let f be (2/(-8) + 7/4)*2. Suppose -k - 3 = -i + f, -2*k = -5*i + 18. Suppose 1394 = 4*p + 2*x - 628, -3*p + i*x = -1499. Is p composite?
False
Let r = 1540 - 2839. Let f = -506 - r. Is f prime?
False
Let g = 202443 - 117496. Is g a prime number?
True
Suppose -4*x = -3*g - 2*x + 9, -2*g - 3*x = -6. Suppose 2*p - 4*r = -14, 2*r = 5*p - g*r + 10. Is p/(27/6) - (-2307)/9 prime?
True
Let w(y) = y + 40. Let v(h) = -h**2 - 10*h - 12. Let k(u) = u**2 + 10*u + 13. Let c(l) = 2*k(l) + 3*v(l). Let q be c(-5). Is w(q) a composite number?
True
Suppose 3*f + 15 = -5*g, 2*g - 2*f = 7 + 3. Suppose -3*b + 0*b + 3*l - 6 = 0, g = b - 2*l + 4. Suppose -m = -p - 5130, b = -5*m + 2*p - 6*p + 25623. Is m prime?
False
Let y(f) = 1982*f**2 + 60*f + 395. Is y(-6) composite?
False
Let n(b) = 19*b**2 + b + 287. Is n(-34) a composite number?
True
Suppose -19*v - 18*v = -52*v + 96735. Is v prime?
True
Suppose 4*p - 4*j - 298195 = 454121, -2*p - j = -376152. Is p a prime number?
False
Is -4*133213/2*((-12)/(-8))/(-3) a prime number?
True
Is (424/(-636))/((-302261)/302259 - -1) composite?
True
Let n = 126258 - 80855. Is n a composite number?
False
Let r(a) = a + 2. Let p be r(3). Let i be (-2412)/(-30)*p*1. Is ((-21)/6 + 4)*i a prime number?
False
Suppose -1009*t + 1011*t - 2162043 = -3*w, 0 = -5*w + 3*t + 3603367. Is w composite?
False
Let m(n) = -539*n**3 - 2*n**2 - 6*n + 3. Suppose -4 = 29*u - 25*u, 2*t - 3*u + 1 = 0. Is m(t) composite?
True
Is 9 + 4 - -12781 - (-2 - 1) prime?
False
Suppose 0 = -3*y - 6, -y - 25382 = 3*i - 5*i. Let k = i + -4109. Is k a composite number?
False
Let d(u) = 2*u - 24. Suppose 17*b = 21*b - 48. Let x be d(b). Is (2 + x + 0)/(65/2795) composite?
True
Let l(d) = 3*d**2 - 7*d - 1. Let h be l(3). Suppose -28 = -2*n - h*n. Is ((-292)/(-16) + 0)*n*7 a prime number?
False
Let f(m) = -m**2 - 2*m + 5. Let z be f(-3). Suppose -s = -b + z*s + 9, -4*b + 5*s = -15. Suppose 5*u = -b*u + 3*i + 9968, -4*u - i + 7971 = 0. Is u composite?
False
Suppose -5*n + 960092 = -h, h = -4*n - 149693 + 917772. Is n prime?
False
Let z(m) = -67*m**2 - 5*m - 37. Let g be z(8). Is -14*(-6)/(-12) - g a prime number?
False
Suppose 14*n = 1105921 + 5951843. Is 5 + n/91 - 4/(-26) a prime number?
False
Let u = 55 + -56. Is u*(-5871)/7 - (-6)/21 composite?
False
Let p = -247 + 247. Suppose -12*y - 1951 + 37123 = p. Is y composite?
True
Let f = 1832 - 970. Is f a composite number?
True
Let s(o) = 2*o**3 - 23*o**2 - 7*o - 120. Let w be s(13). Suppose -113078 = 282*k - w*k. Is k composite?
True
Let i(m) = -3695*m**3 - 13*m**2 + 8*m + 23. Is i(-4) a prime number?
False
Let c = -29796 + 73547. Is c a composite number?
True
Let q(o) = 1 + 7*o - 1 - 18 - 17 + 165*o**2. Is q(4) a composite number?
False
Let m be (-19)/(190/(-3700)) + -9. Suppose -7*n + m + 948 = 0. Is n a composite number?
True
Suppose 3*m - 350 = -5*l - 122, 2*l - 2*m = 104. Is 12049/4*(l/(-6) + 12) a composite number?
False
Let u be -8146*(36/8 - 4). Let w = u - -12388. Is w a composite number?
True
Suppose 405428 - 1057333 = -5*k. Is k a prime number?
False
Let a(b) = 5*b**3 - 12*b**2 + 9*b + 19. Let g be a(8). Let r = g - 1032. Is r composite?
True
Suppose 22 = -8*d + 54. Suppose w - 13820 = -d*w. Suppose 0 = -9*k + 5*k + w. Is k a prime number?
True
Let m(k) = -19 - 6*k + 10 + k + 32 + 9*k**2. Is m(-14) a prime number?
False
Let s(t) = -t**3 + 6*t**2 + 5*t + 5. Let j be s(7). Is -6 - j - (-3 - -4483)/(-2) composite?
False
Let s(z) = 159*z**3 + 13*z**2 - 12*z - 39. Is s(10) a prime number?
True
Let b = -2033 - -6724. Is b prime?
True
Suppose 12*v + 27 = 3. Is 0 - (-2 - 3)*(99 + v) composite?
True
Suppose -5491*a = -5565*a + 48623846. Is a a composite number?
False
Suppose 9*g + 77297 = y + 4*g, 0 = 3*y + 4*g - 231967. Is y prime?
True
Let o(y) = 1548*y - 11. Let b be o(8). Let l = -6408 + b. Is l a composite number?
True
Let b = 82 + -75. Let i(f) = 3*f**2 - 13*f. Let m be i(b). Let o = m - 43. Is o a composite number?
False
Let k(g) = -23*g + 171*g + 312*g - 99. Is k(6) prime?
False
Let k = 167 + -165. Is k/(-10 + 0) - 10586/(-5) a prime number?
False
Let i(o) be the first derivative of 14*o**3/3 - 23*o**2/2 - 31*o + 50. Is i(12) composite?
False
Let i = 7255 + -3413. Suppose 0 = -2*h - 2*x + 19268 - i, -2*h + 15428 = x. Is h prime?
False
Let m(h) = -334*h**3 - 5*h**2 + 33*h + 147. Is m(-6) composite?
True
Let p(q) = 7273*q**2 - 6*q - 15. Is p(4) a prime number?
True
Let b = 313051 + -178274. Is b composite?
False
Let w(z) = -3*z + 59. Let y be w(16). Suppose y*b - 15*b = -26652. Is b composite?
True
Let w(h) = -91521*h - 4841. Is w(-8) a composite number?
False
Let k = 313043 + -92362. Is k prime?
True
Suppose 28*r = 27*r + 11. Suppose -r*b + 13*b - 36 = 0. Suppose -59 = -2*x + 3*y, -y - b - 12 = -x. Is x a composite number?
False
Let a(i) = -4*i**3 - 3*i**2 + 3. Suppose 0 = -2*g + 4*g + 16. Let h(w) = 12*w**3 + 8*w**2 - w - 8. Let o(q) = g*a(q) - 3*h(q). Is o(-7) prime?
False
Let v(q) = 134*q**3 + 5*q**2 + 3*q - 9. Let m be v(-3). Let g = m + 5098. Is g prime?
False
Suppose -2*g - 24 = -6. Let s be (1/(-5))/((28/4)/(-35)). Is (-4 - g)/(-5)*(-784 - s) prime?
False
Suppose 23*f = 256*f - 484258579. Is f a prime number?
False
Is -10 + 2*(-6)/(-2) + (3 - -31010) prime?
False
Suppose -9 + 41 = 4*i. Suppose i*p + 15 = 3*p. Is p - 0 - -126 - 4 prime?
False
Let y = 120 + -115. Is ((-10)/(-3))/y - 14858/(-6) composite?
False
Suppose -5*g - 30095 = 2*o, 8*g - 5*g + 3*o + 18066 = 0. Let l = 10878 + g. Is l composite?
False
Let o(g) = -4*g + 